{"id":1878,"date":"2025-02-14T10:06:28","date_gmt":"2025-02-14T13:06:28","guid":{"rendered":"http:\/\/cpa.uea.edu.br\/?page_id=1878"},"modified":"2026-04-23T17:46:51","modified_gmt":"2026-04-23T20:46:51","slug":"planejamento-de-atividades-anuais","status":"publish","type":"page","link":"http:\/\/cpa.uea.edu.br\/index.php\/planejamento-de-atividades-anuais\/","title":{"rendered":"Planejamento de Atividades Anuais"},"content":{"rendered":"\n<p>Acesse os Planejamentos de Atividades Anuais (2024 e 2025), conforme proposto e executado pelo Corpo T\u00e9cnico da CPA\/UEA, a qual direciona as atividades numa tentativa de cumprir com as finalidades e compet\u00eancias previstas no Regimento Interno (Resolu\u00e7\u00e3o N\u00b0051\/2023-CONSUNIV).<\/p>\n\n\n\n<details class=\"wp-block-stackable-accordion stk-block-accordion stk-inner-blocks stk-block-content stk-block stk-c7e8e74 is-style-default\" data-block-id=\"c7e8e74\">\n<summary class=\"wp-block-stackable-column stk-block-column stk-column stk-block stk-ad979de stk--container-small stk-block-accordion__heading\" data-v=\"4\" data-block-id=\"ad979de\"><div class=\"stk-column-wrapper stk-block-column__content stk-container stk-ad979de-container stk-hover-parent\"><div class=\"stk-block-content stk-inner-blocks stk-ad979de-inner-blocks\">\n<div class=\"wp-block-stackable-icon-label stk-block-icon-label stk-block stk-763471b\" data-block-id=\"763471b\"><div class=\"stk-row stk-inner-blocks stk-block-content\">\n<div class=\"wp-block-stackable-heading stk-block-heading stk-block-heading--v2 stk-block stk-32cefae\" id=\"2024\" data-block-id=\"32cefae\"><h4 class=\"stk-block-heading__text\">2024<\/h4><\/div>\n\n\n\n<div class=\"wp-block-stackable-icon stk-block-icon stk-block stk-8d47620\" data-block-id=\"8d47620\"><span class=\"stk--svg-wrapper\"><div class=\"stk--inner-svg\"><svg style=\"height:0;width:0\"><defs><linearGradient id=\"linear-gradient-8d47620\" x1=\"0\" x2=\"100%\" y1=\"0\" y2=\"0\"><stop offset=\"0%\" style=\"stop-opacity:1;stop-color:var(--linear-gradient-8-d-47620-color-1)\"><\/stop><stop offset=\"100%\" style=\"stop-opacity:1;stop-color:var(--linear-gradient-8-d-47620-color-2)\"><\/stop><\/linearGradient><\/defs><\/svg><svg data-prefix=\"fas\" data-icon=\"chevron-down\" class=\"svg-inline--fa fa-chevron-down fa-w-14\" xmlns=\"http:\/\/www.w3.org\/2000\/svg\" viewBox=\"0 0 448 512\" aria-hidden=\"true\" width=\"32\" height=\"32\"><path fill=\"currentColor\" d=\"M207.029 381.476L12.686 187.132c-9.373-9.373-9.373-24.569 0-33.941l22.667-22.667c9.357-9.357 24.522-9.375 33.901-.04L224 284.505l154.745-154.021c9.379-9.335 24.544-9.317 33.901.04l22.667 22.667c9.373 9.373 9.373 24.569 0 33.941L240.971 381.476c-9.373 9.372-24.569 9.372-33.942 0z\"><\/path><\/svg><\/div><\/span><\/div>\n<\/div><\/div>\n<\/div><\/div><\/summary>\n\n\n\n<div class=\"wp-block-stackable-column stk-block-column stk-column stk-block stk-4bebb77 stk-block-accordion__content\" data-v=\"4\" data-block-id=\"4bebb77\"><div class=\"stk-column-wrapper stk-block-column__content stk-container stk-4bebb77-container stk--no-background stk--no-padding\"><div class=\"stk-block-content stk-inner-blocks stk-4bebb77-inner-blocks\">\n<div class=\"wp-block-stackable-text stk-block-text stk-block stk-8c49d56\" data-block-id=\"8c49d56\"><p class=\"stk-block-text__text\"><a href=\"https:\/\/cpa.uea.edu.br\/wp-content\/uploads\/2024\/10\/UEA_2024_CPA-CP-Planejamento-de-Atividades-Anual-2024.1-e-2024.2-construcao.pdf\" target=\"_blank\" rel=\"noopener\" title=\"\">Planejamento Anual de 2024<\/a><\/p><\/div>\n<\/div><\/div><\/div>\n<\/details>\n\n\n\n<details class=\"wp-block-stackable-accordion stk-block-accordion stk-inner-blocks stk-block-content stk-block stk-d9aeef6 is-style-default\" data-block-id=\"d9aeef6\">\n<summary class=\"wp-block-stackable-column stk-block-column stk-column stk-block stk-a5495c9 stk--container-small stk-block-accordion__heading\" data-v=\"4\" data-block-id=\"a5495c9\"><div class=\"stk-column-wrapper stk-block-column__content stk-container stk-a5495c9-container stk-hover-parent\"><div class=\"stk-block-content stk-inner-blocks stk-a5495c9-inner-blocks\">\n<div class=\"wp-block-stackable-icon-label stk-block-icon-label stk-block stk-e5d8af0\" data-block-id=\"e5d8af0\"><div class=\"stk-row stk-inner-blocks stk-block-content\">\n<div class=\"wp-block-stackable-heading stk-block-heading stk-block-heading--v2 stk-block stk-553635d\" id=\"2025\" data-block-id=\"553635d\"><h4 class=\"stk-block-heading__text\">2025<\/h4><\/div>\n\n\n\n<div class=\"wp-block-stackable-icon stk-block-icon stk-block stk-2c26a44\" data-block-id=\"2c26a44\"><span class=\"stk--svg-wrapper\"><div class=\"stk--inner-svg\"><svg style=\"height:0;width:0\"><defs><linearGradient id=\"linear-gradient-2c26a44\" x1=\"0\" x2=\"100%\" y1=\"0\" y2=\"0\"><stop offset=\"0%\" style=\"stop-opacity:1;stop-color:var(--linear-gradient-2-c-26-a-44-color-1)\"><\/stop><stop offset=\"100%\" style=\"stop-opacity:1;stop-color:var(--linear-gradient-2-c-26-a-44-color-2)\"><\/stop><\/linearGradient><\/defs><\/svg><svg data-prefix=\"fas\" data-icon=\"chevron-down\" class=\"svg-inline--fa fa-chevron-down fa-w-14\" xmlns=\"http:\/\/www.w3.org\/2000\/svg\" viewBox=\"0 0 448 512\" aria-hidden=\"true\" width=\"32\" height=\"32\"><path fill=\"currentColor\" d=\"M207.029 381.476L12.686 187.132c-9.373-9.373-9.373-24.569 0-33.941l22.667-22.667c9.357-9.357 24.522-9.375 33.901-.04L224 284.505l154.745-154.021c9.379-9.335 24.544-9.317 33.901.04l22.667 22.667c9.373 9.373 9.373 24.569 0 33.941L240.971 381.476c-9.373 9.372-24.569 9.372-33.942 0z\"><\/path><\/svg><\/div><\/span><\/div>\n<\/div><\/div>\n<\/div><\/div><\/summary>\n\n\n\n<div class=\"wp-block-stackable-column stk-block-column stk-column stk-block stk-e5a164f stk-block-accordion__content\" data-v=\"4\" data-block-id=\"e5a164f\"><div class=\"stk-column-wrapper stk-block-column__content stk-container stk-e5a164f-container stk--no-background stk--no-padding\"><div class=\"stk-block-content stk-inner-blocks stk-e5a164f-inner-blocks\">\n<div class=\"wp-block-stackable-text stk-block-text stk-block stk-3d630fb\" data-block-id=\"3d630fb\"><p class=\"stk-block-text__text\"><a href=\"http:\/\/cpa.uea.edu.br\/wp-content\/uploads\/2025\/04\/UEA_2024_CPA-CP-Planejamento-de-Atividades-Anual-2024.1-e-2024.2-aprovado-10042025.pdf\" target=\"_blank\" rel=\"noopener\" title=\"\">Planejamento Anual de 2025<\/a><\/p><\/div>\n<\/div><\/div><\/div>\n<\/details>\n\n\n\n<details class=\"wp-block-stackable-accordion stk-block-accordion stk-inner-blocks stk-block-content stk-block stk-cf2bc34 is-style-default\" data-block-id=\"cf2bc34\">\n<summary class=\"wp-block-stackable-column stk-block-column stk-column stk-block stk-0b48fc7 stk--container-small stk-block-accordion__heading\" data-v=\"4\" data-block-id=\"0b48fc7\"><div class=\"stk-column-wrapper stk-block-column__content stk-container stk-0b48fc7-container stk-hover-parent\"><div class=\"stk-block-content stk-inner-blocks stk-0b48fc7-inner-blocks\">\n<div class=\"wp-block-stackable-icon-label stk-block-icon-label stk-block stk-efd7319\" data-block-id=\"efd7319\"><div class=\"stk-row stk-inner-blocks stk-block-content\">\n<div class=\"wp-block-stackable-heading stk-block-heading stk-block-heading--v2 stk-block stk-7d41844\" id=\"2026\" data-block-id=\"7d41844\"><h4 class=\"stk-block-heading__text\">2026<\/h4><\/div>\n\n\n\n<div class=\"wp-block-stackable-icon stk-block-icon stk-block stk-28b08ed\" data-block-id=\"28b08ed\"><span class=\"stk--svg-wrapper\"><div class=\"stk--inner-svg\"><svg style=\"height:0;width:0\"><defs><linearGradient id=\"linear-gradient-28b08ed\" x1=\"0\" x2=\"100%\" y1=\"0\" y2=\"0\"><stop offset=\"0%\" style=\"stop-opacity:1;stop-color:var(--linear-gradient-28-b-08-ed-color-1)\"><\/stop><stop offset=\"100%\" style=\"stop-opacity:1;stop-color:var(--linear-gradient-28-b-08-ed-color-2)\"><\/stop><\/linearGradient><\/defs><\/svg><svg data-prefix=\"fas\" data-icon=\"chevron-down\" class=\"svg-inline--fa fa-chevron-down fa-w-14\" xmlns=\"http:\/\/www.w3.org\/2000\/svg\" viewBox=\"0 0 448 512\" aria-hidden=\"true\" width=\"32\" height=\"32\"><path fill=\"currentColor\" d=\"M207.029 381.476L12.686 187.132c-9.373-9.373-9.373-24.569 0-33.941l22.667-22.667c9.357-9.357 24.522-9.375 33.901-.04L224 284.505l154.745-154.021c9.379-9.335 24.544-9.317 33.901.04l22.667 22.667c9.373 9.373 9.373 24.569 0 33.941L240.971 381.476c-9.373 9.372-24.569 9.372-33.942 0z\"><\/path><\/svg><\/div><\/span><\/div>\n<\/div><\/div>\n<\/div><\/div><\/summary>\n\n\n\n<div class=\"wp-block-stackable-column stk-block-column stk-column stk-block stk-aac70be stk-block-accordion__content\" data-v=\"4\" data-block-id=\"aac70be\"><div class=\"stk-column-wrapper stk-block-column__content stk-container stk-aac70be-container stk--no-background stk--no-padding\"><div class=\"stk-block-content stk-inner-blocks stk-aac70be-inner-blocks\">\n<div class=\"wp-block-stackable-text stk-block-text stk-block stk-aa55f63\" data-block-id=\"aa55f63\"><p class=\"stk-block-text__text\"><a href=\"http:\/\/cpa.uea.edu.br\/wp-content\/uploads\/2026\/04\/UEA_2026_CPA-CP-Planejamento-de-Atividades-Anual-2026.1-e-2-sem-aprovacao-deliberativa.pdf\" target=\"_blank\" rel=\"noopener\" title=\"\">Planejamento Anual de 2026<\/a><\/p><\/div>\n<\/div><\/div><\/div>\n<\/details>\n\n\n\n<p><\/p>\n","protected":false},"excerpt":{"rendered":"<p>Acesse os Planejamentos de Atividades Anuais (2024 e 2025), conforme proposto e executado pelo Corpo T\u00e9cnico da CPA\/UEA, a qual direciona as atividades numa tentativa de cumprir com as finalidades e compet\u00eancias previstas no Regimento Interno (Resolu\u00e7\u00e3o N\u00b0051\/2023-CONSUNIV). 2024 Planejamento Anual de 2024 2025 Planejamento Anual de 2025 2026 Planejamento Anual de 2026<\/p>\n","protected":false},"author":5,"featured_media":0,"parent":0,"menu_order":0,"comment_status":"closed","ping_status":"closed","template":"","meta":{"footnotes":""},"class_list":["post-1878","page","type-page","status-publish","hentry"],"blocksy_meta":[],"aioseo_notices":[],"_links":{"self":[{"href":"http:\/\/cpa.uea.edu.br\/index.php\/wp-json\/wp\/v2\/pages\/1878","targetHints":{"allow":["GET"]}}],"collection":[{"href":"http:\/\/cpa.uea.edu.br\/index.php\/wp-json\/wp\/v2\/pages"}],"about":[{"href":"http:\/\/cpa.uea.edu.br\/index.php\/wp-json\/wp\/v2\/types\/page"}],"author":[{"embeddable":true,"href":"http:\/\/cpa.uea.edu.br\/index.php\/wp-json\/wp\/v2\/users\/5"}],"replies":[{"embeddable":true,"href":"http:\/\/cpa.uea.edu.br\/index.php\/wp-json\/wp\/v2\/comments?post=1878"}],"version-history":[{"count":11,"href":"http:\/\/cpa.uea.edu.br\/index.php\/wp-json\/wp\/v2\/pages\/1878\/revisions"}],"predecessor-version":[{"id":2130,"href":"http:\/\/cpa.uea.edu.br\/index.php\/wp-json\/wp\/v2\/pages\/1878\/revisions\/2130"}],"wp:attachment":[{"href":"http:\/\/cpa.uea.edu.br\/index.php\/wp-json\/wp\/v2\/media?parent=1878"}],"curies":[{"name":"wp","href":"https:\/\/api.w.org\/{rel}","templated":true}]}}